{"id":30,"date":"2018-02-20T14:11:11","date_gmt":"2018-02-20T13:11:11","guid":{"rendered":"http:\/\/wordpress.rsl-hilden.de\/?page_id=30"},"modified":"2022-01-26T12:02:08","modified_gmt":"2022-01-26T11:02:08","slug":"philosophie","status":"publish","type":"page","link":"https:\/\/www.rsl-hilden.de\/home\/philosophie\/","title":{"rendered":"Philosophie"},"content":{"rendered":"<div class='content-column one_half'><h1><strong>Meine Philosophie<\/strong><\/h1>\n<p>Seit mehr als 23 Jahren vertrete ich die Interessen meiner Mandanten, nicht nur weil das mein Beruf ist, sondern weil es mir wichtig ist, Menschen in Krisensituationen beizustehen und Ihnen zu Ihrem Recht zu verhelfen.<br \/>\nNach meinem Jura-Studium habe ich mehr als siebzehn Jahre als Syndikusanwalt in den Rechtsabteilungen zweier Gro\u00dfbanken gearbeitet. Diese Erfahrungen aus dem Bank- und Kapitalmarktrecht konnte ich zusammen mit meinen Erfahrungen im Arbeitsrecht in den letzten fast sechs Jahren als Partner einer \u00fcber\u00f6rtlichen Rechtsanwaltssoziet\u00e4t einbringen.<\/p><\/div>\n<div class='content-column one_half last_column'><h2>Fachanwaltstitel<\/h2>\n<p>Der Titel Fachanwalt bezeugt, dass der Anwalt auf einem bestimmten Rechtsgebiet \u00fcber besondere Kenntnisse und Erfahrungen verf\u00fcgt. Der Titel wird von der Anwaltskammer verliehen, z.Zt. tragen ca. 25% aller Anw\u00e4lte mindestens einen solchen Titel.<\/p>\n<p>Die Bezeichnung Fachanwalt wird von der zust\u00e4ndigen Rechtsanwaltskammer nur an solche Rechtsanw\u00e4lte vergeben, die sich durch besondere theoretische Kenntnisse und praktische Erfahrungen auf dem jeweiligen Rechtsgebiet besonders qualifiziert haben. Zudem ist der Fachanwalt verpflichtet, sich durch kontinuierliche Weiterbildung stets auf dem neuesten Stand zu halten. Im Unterschied zu der Angabe von Interessen- und T\u00e4tigkeitsschwerpunkten, die auf eigener Einsch\u00e4tzung des jeweiligen Rechtsanwaltes beruhen, liegt der Verleihung der Fachanwaltsbezeichnung die Beurteilung eines unabh\u00e4ngigen Gremiums, der Rechtsanwaltskammer, zugrunde.<\/p>\n<p>Um den einmal erworbenen Fachanwaltstitel behalten zu d\u00fcrfen, ist es zwingend erforderlich, in jedem Jahr mindestens f\u00fcnfzehn Fortbildungsstunden zu absolvieren, um die Berechtigung des F\u00fchrens der Fachanwaltstitel zu behalten. So wird aktuelles Wissen und h\u00f6chste Kompetenz gew\u00e4hrleistet.<\/p>\n<p>Aufgrund meiner nachgewiesenen Fachkunde hat mir die Rechtsanwaltskammer D\u00fcsseldorf die Befugnis erteilt, den Titel \u201eFachanwalt f\u00fcr Bank- und Kapitalmarktrecht\u201c und den Titel \u201eFachanwalt f\u00fcr Arbeitsrecht\u201c zu f\u00fchren.<\/p><\/div><div class='clear_column'><\/div>\n","protected":false},"excerpt":{"rendered":"","protected":false},"author":1,"featured_media":0,"parent":0,"menu_order":0,"comment_status":"closed","ping_status":"closed","template":"","meta":{"footnotes":""},"class_list":["post-30","page","type-page","status-publish","hentry"],"_links":{"self":[{"href":"https:\/\/www.rsl-hilden.de\/home\/wp-json\/wp\/v2\/pages\/30","targetHints":{"allow":["GET"]}}],"collection":[{"href":"https:\/\/www.rsl-hilden.de\/home\/wp-json\/wp\/v2\/pages"}],"about":[{"href":"https:\/\/www.rsl-hilden.de\/home\/wp-json\/wp\/v2\/types\/page"}],"author":[{"embeddable":true,"href":"https:\/\/www.rsl-hilden.de\/home\/wp-json\/wp\/v2\/users\/1"}],"replies":[{"embeddable":true,"href":"https:\/\/www.rsl-hilden.de\/home\/wp-json\/wp\/v2\/comments?post=30"}],"version-history":[{"count":2,"href":"https:\/\/www.rsl-hilden.de\/home\/wp-json\/wp\/v2\/pages\/30\/revisions"}],"predecessor-version":[{"id":602,"href":"https:\/\/www.rsl-hilden.de\/home\/wp-json\/wp\/v2\/pages\/30\/revisions\/602"}],"wp:attachment":[{"href":"https:\/\/www.rsl-hilden.de\/home\/wp-json\/wp\/v2\/media?parent=30"}],"curies":[{"name":"wp","href":"https:\/\/api.w.org\/{rel}","templated":true}]}}