{"id":44,"date":"2018-02-20T14:13:34","date_gmt":"2018-02-20T13:13:34","guid":{"rendered":"http:\/\/wordpress.rsl-hilden.de\/?page_id=44"},"modified":"2022-01-26T11:48:53","modified_gmt":"2022-01-26T10:48:53","slug":"bank-und-kapitalmarktrecht","status":"publish","type":"page","link":"https:\/\/www.rsl-hilden.de\/home\/schwerpunkte\/bank-und-kapitalmarktrecht\/","title":{"rendered":"Bank- und Kapitalmarktrecht"},"content":{"rendered":"<div class='content-column one_half'><h1><strong>Bank- und Kapitalmarktrecht<\/strong><\/h1>\n<p>Viele Bankkunden f\u00fchlen sich im Konfliktfall mit einer Bank in der schw\u00e4cheren Position. Wir sorgen daf\u00fcr, dass Sie sowohl im gerichtlichen als auch im au\u00dfergerichtlichen Streitfall ebenb\u00fcrtig sind.<\/p>\n<p>Sp\u00e4testens seit der Finanzkrise wurden die Rechte der Anleger durch Rechtsprechung und eine Richtlinie f\u00fcr Anlegerrechte gest\u00e4rkt. Der Anleger kann aus vielen verschiedenen Gr\u00fcnden Anspr\u00fcche gegen seinen Anlageberater geltend machen, sodass sich eine eingehende rechtliche \u00dcberpr\u00fcfung immer lohnen kann.<\/p>\n<p>Sprechen Sie uns an \u2013 wir beraten Sie gerne.<\/p>\n<h2>Darlehen, B\u00fcrgschaft und Co.<\/h2>\n<p>Die M\u00f6glichkeiten, rechtliche Schwierigkeiten in einem laufenden oder sich anbahnenden Vertragsverh\u00e4ltnis zu bekommen, sind vielf\u00e4ltig: Egal, ob es sich um Darlehen, B\u00fcrgschaft, geschlossene Fonds, Verm\u00f6gensverwaltung etc. handelt. Dabei hat jede vertragliche Gestaltung ihre Besonderheiten. Wir st\u00e4rken Ihnen gerne den R\u00fccken, wenn Sie im Umgang mit der Bank unsicher sind. Wann darf die Bank ein Darlehen k\u00fcndigen? Unter welchen Voraussetzungen darf die Bank einen B\u00fcrgen in Anspruch nehmen? Lassen Sie uns Ihre Fragen beantworten.<\/p>\n<h2>Beratungshaftung<\/h2>\n<p>Entgegen der unter Anlegern weit verbreiteten Ansicht, sie w\u00e4ren selbst verpflichtet, sich vor Vertragsunterzeichnung \u00fcber die empfohlene Anlage zu informieren, ist st\u00e4ndige Rechtsprechung des Bundesgerichtshof (BGH), dass sich Anleger auf die Aussagen ihres Anlageberaters verlassen d\u00fcrfen.<br \/>\nDer Bankberater muss genau wie ein Anlageberater objekt- und anlagegerecht beraten, ansonsten liegt eine Falschberatung vor. F\u00fcr eine ordnungsgem\u00e4\u00dfe Beratung muss der Berater auf den Wissensstand des Kunden \u00fcber Anlagegesch\u00e4fte der vorgesehenen Art und dessen Risikobereitschaft eingehen. Es m\u00fcssen die wirtschaftliche Ausgangsposition, die Anlageziele und die bisherigen Erfahrungen ber\u00fccksichtigt werden und ein diesen Kriterien Rechnung tragendes Anlageobjekt empfohlen werden.<\/p>\n<h2>Verj\u00e4hrung von Anspr\u00fcchen<\/h2>\n<p>Die Vermutung, ein etwaiger Anspruch sei schon verj\u00e4hrt, hindert viele Anleger an der Durchsetzung ihrer Schadensersatzanspr\u00fcche. Grunds\u00e4tzlich hat der BGH entschieden, dass jeder Beratungsfehler einzeln verj\u00e4hrt. Doch durch welche Handlung oder Information beginnt die Verj\u00e4hrungsfrist zu laufen? Wir pr\u00fcfen gerne f\u00fcr Sie, ob Ihr Anspruch noch durchsetzbar ist, obwohl Sie Ihre Anlage schon vor vielen Jahren erworben haben.<br \/><\/div>\n<div class='content-column one_half last_column'><h2><\/h2>\n<p>Bei allen Fragen zum Bank- und Kapitalmarktrecht k\u00f6nnen Sie gerne einen Termin mit uns machen und sich von uns beraten lassen.<br \/>\nRufen Sie uns an oder schreiben Sie uns:<br \/>\n02103\u00a025 86 960<br \/>\n<a href=\"mailto:kanzlei@rsl-hilden.de\" title=\"Kanzlei@rsl-hilden.de\">kanzlei@rsl-hilden.de<\/a><\/p>\n<h2>Weitere Schwerpunkte:<\/h2>\n<p>\u2022 <a href=\"https:\/\/www.rsl-hilden.de\/schwerpunkte\/beratung\/\" title=\"Beratung\">Beratung<\/a><br \/>\n\u2022 <a href=\"https:\/\/www.rsl-hilden.de\/schwerpunkte\/arbeitsrecht\/\" title=\"Arbeitsrecht\">Arbeitsrecht<\/a><br \/>\n\u2022 <a href=\"https:\/\/www.rsl-hilden.de\/schwerpunkte\/erbrecht\/\" title=\"Erbrecht\">Erbrecht<\/a><br \/><\/div><div class='clear_column'><\/div>\n","protected":false},"excerpt":{"rendered":"","protected":false},"author":1,"featured_media":0,"parent":28,"menu_order":0,"comment_status":"closed","ping_status":"closed","template":"","meta":{"footnotes":""},"class_list":["post-44","page","type-page","status-publish","hentry"],"_links":{"self":[{"href":"https:\/\/www.rsl-hilden.de\/home\/wp-json\/wp\/v2\/pages\/44","targetHints":{"allow":["GET"]}}],"collection":[{"href":"https:\/\/www.rsl-hilden.de\/home\/wp-json\/wp\/v2\/pages"}],"about":[{"href":"https:\/\/www.rsl-hilden.de\/home\/wp-json\/wp\/v2\/types\/page"}],"author":[{"embeddable":true,"href":"https:\/\/www.rsl-hilden.de\/home\/wp-json\/wp\/v2\/users\/1"}],"replies":[{"embeddable":true,"href":"https:\/\/www.rsl-hilden.de\/home\/wp-json\/wp\/v2\/comments?post=44"}],"version-history":[{"count":2,"href":"https:\/\/www.rsl-hilden.de\/home\/wp-json\/wp\/v2\/pages\/44\/revisions"}],"predecessor-version":[{"id":596,"href":"https:\/\/www.rsl-hilden.de\/home\/wp-json\/wp\/v2\/pages\/44\/revisions\/596"}],"up":[{"embeddable":true,"href":"https:\/\/www.rsl-hilden.de\/home\/wp-json\/wp\/v2\/pages\/28"}],"wp:attachment":[{"href":"https:\/\/www.rsl-hilden.de\/home\/wp-json\/wp\/v2\/media?parent=44"}],"curies":[{"name":"wp","href":"https:\/\/api.w.org\/{rel}","templated":true}]}}